-x**2 + 6*x + 20. Calculate q(0).
20
Let l(o) = -3233*o + 3246. Give l(1).
13
Let h(b) = -b**2 + b + 116. Give h(12).
-16
Let y(a) = a**3 - 5*a**2 - 8*a - 47. What is y(6)?
-59
Let j(n) = -20*n - 466. Determine j(-23).
-6
Let a(l) = 6*l**2 - 210*l + 11. What is a(35)?
11
Let d(k) = -5*k - 68. What is d(-13)?
-3
Let n(b) = 3*b - 1. Determine n(-21).
-64
Let o(y) = 113*y + 720. What is o(-6)?
42
Let p(z) = -117*z**2 - 3*z - 13. Determine p(-2).
-475
Let m(o) = 6*o**2 - 439*o - 51. Give m(74).
319
Let h(n) = -56*n**2 - 65*n - 125. Give h(-2).
-219
Let s(j) = -7*j**2 + 499*j - 607. Give s(70).
23
Let v(r) = 2*r**2 - 533*r + 30950. What is v(181)?
-1
Let z(u) = -107*u**2 - 1. What is z(-1)?
-108
Let h(c) = -2*c**2 + 64*c + 36. Give h(29).
210
Let v(n) = -n**3 - 71*n**2 - 452*n - 256. What is v(-64)?
0
Let a(y) = -41*y**2 - 259*y - 85. Calculate a(-6).
-7
Let g(s) = -s**2 + 9*s + 1157. Determine g(-22).
475
Let w(h) = h**3 - 237*h**2 - 701*h - 4552. What is w(240)?
8
Let r(k) = -k**3 + k**2 + 42*k - 84. Give r(2).
-4
Let z(t) = -3*t**2 - 39*t - 37. Give z(-17).
-241
Let w(r) = -41*r - 1977. Determine w(-49).
32
Let b(p) = 2*p**3 + 108*p**2 + 1011*p + 129. Determine b(-42).
3
Let f(q) = q**3 - 283*q**2 - 6381*q - 905. Give f(304).
7
Let k(q) = 3*q**2 + 115*q - 11. Determine k(-41).
317
Let y(p) = -3*p**2 + 109*p - 700. What is y(28)?
0
Let j(y) = -3*y**3 - 11*y**2 - 9*y - 50. Calculate j(-5).
95
Let g(u) = 2*u**2 - 12*u - 58. Determine g(8).
-26
Let j(x) = -2*x**2 - 57*x - 211. Give j(-24).
5
Let d(j) = j**2 - 47*j + 84. Give d(2).
-6
Let p(f) = -f**3 - 6*f**2 - 5*f - 11. Give p(-6).
19
Let b(w) = w**3 + 17*w**2 + 78*w + 373. What is b(-13)?
35
Let w(d) = -3*d**3 - 3*d**2 + 5*d - 3. Determine w(-3).
36
Let n(k) = 2*k**2 - 13*k - 39320. Calculate n(-137).
-1
Let y(p) = p**3 + 24*p**2 - 346*p - 435. Calculate y(11).
-6
Let s(n) = n**3 - 34*n**2 + 5*n - 103. Determine s(34).
67
Let j(f) = f**2 + 50*f + 90. Calculate j(-47).
-51
Let n(r) = 8*r**2 - 268*r + 132. Determine n(33).
0
Let q(r) = -18*r + 85. What is q(5)?
-5
Let y(q) = q**2 + 219*q - 15. Determine y(0).
-15
Let j(y) = y**3 + 12*y**2 + 20*y - 131. Give j(-6).
-35
Let o(k) = 14757*k - 132788. What is o(9)?
25
Let x(g) = -g**2 - 39*g + 1190. What is x(-59)?
10
Let s(f) = f**2 + 14*f - 32. Calculate s(-9).
-77
Let v(f) = -12*f - 304. What is v(-21)?
-52
Let x(u) = 175*u - 3335. Determine x(19).
-10
Let v(y) = y**3 - 112*y**2 - 836*y - 19. What is v(-7)?
2
Let h(t) = 60*t**2 - 1497*t - 77. Give h(25).
-2
Let q(w) = w**3 - 79*w**2 - 598*w + 31. Give q(-7).
3
Let p(c) = 4*c**2 - 44*c + 30. Determine p(10).
-10
Let g(z) = 4*z**3 + 20*z**2 + 26*z + 38. Give g(-3).
32
Let l(h) = -15*h + 4102. What is l(273)?
7
Let c(h) = -15*h**2 - 86*h + 38. Determine c(-6).
14
Let n(x) = -4034*x + 8055. Determine n(2).
-13
Let d(j) = -3*j**2 - 296*j - 473. Determine d(-97).
12
Let m(f) = 15*f**2 - 47*f - 120. Give m(5).
20
Let t(c) = c**2 - 217*c - 2038. Calculate t(-9).
-4
Let b(m) = -323*m - 144. What is b(2)?
-790
Let l(v) = 3*v**2 + 278*v - 773. Give l(-95).
-108
Let l(g) = -2*g**2 - 222*g + 4642. Give l(-129).
-2
Let g(q) = -q**2 - 640*q + 18708. Give g(28).
4
Let q(c) = -32*c**2 + 2*c + 93. Determine q(2).
-31
Let v(u) = 2*u**3 - 41*u**2 + 23*u - 67. Give v(20).
-7
Let b(w) = 1203*w - 10844. Determine b(9).
-17
Let c(n) = -n**3 - 8*n - 16. Determine c(5).
-181
Let h(x) = 146*x - 2377. Give h(17).
105
Let o(d) = -67*d**2 - 20*d - 35. Calculate o(-2).
-263
Let i(l) = l**2 - 43*l + 39. Calculate i(42).
-3
Let g(b) = 194*b - 183. What is g(1)?
11
Let n(z) = 4*z**3 + 172*z**2 + 2*z + 82. Determine n(-43).
-4
Let o(b) = -6*b**2 - 58*b + 8. Calculate o(-9).
44
Let a(p) = 392*p + 68202. Give a(-174).
-6
Let a(v) = 48*v - 1924. Calculate a(40).
-4
Let k(f) = 3*f**2 + 2*f + 16. Determine k(0).
16
Let z(n) = n**2 - 996*n - 3001. Calculate z(-3).
-4
Let i(w) = w**3 - 9*w**2 - 84*w - 35. Determine i(16).
413
Let y(d) = -d**3 + d**2 + 404*d - 816. What is y(2)?
-12
Let d(x) = 104*x - 885. Determine d(8).
-53
Let h(z) = -3*z**2 - 78*z - 470. Give h(-10).
10
Let g(a) = -14*a**2 - 111*a - 24. What is g(-8)?
-32
Let n(v) = -v**2 - 683*v - 3399. Determine n(-5).
-9
Let t(u) = 8*u**2 - 176*u + 313. Calculate t(20).
-7
Let d(g) = -24*g + 794. Calculate d(33).
2
Let u(y) = -401*y**2 - 17*y + 15. Give u(-1).
-369
Let v(j) = j**3 + 16*j**2 - 30*j - 31. Calculate v(-19).
-544
Let x(n) = -n**3 - 7*n**2 + n + 22. Determine x(-6).
-20
Let n(t) = -4*t**2 + 21*t - 96. Give n(7).
-145
Let x(l) = -12*l**2 - 8*l + 27. Calculate x(0).
27
Let s(l) = 16*l**3 + 335*l**2 - 19*l + 56. Give s(-21).
14
Let h(k) = 2*k**2 + 8*k + 414. Give h(-15).
744
Let a(i) = -12*i + 416. Calculate a(34).
8
Let n(h) = 57*h**2 + 512*h - 14. Give n(-9).
-5
Let m(d) = -d**2 + 2*d + 82. Give m(0).
82
Let y(h) = 48*h + 170. Calculate y(8).
554
Let s(v) = v**3 + 10*v**2 - v + 95. Determine s(-12).
-181
Let i(w) = w**2 - 11*w - 621. Determine i(31).
-1
Let o(v) = -2*v**3 + 193*v**2 - 98*v + 163. Calculate o(96).
-29
Let n(d) = 6*d**3 + 2*d**2 - 33*d + 9. What is n(2)?
-1
Let d(v) = v**3 + 58*v**2 + 112*v - 15. Determine d(-56).
-15
Let z(i) = i**2 + 10*i + 2. Calculate z(-6).
-22
Let x(f) = 7*f**3 + 40*f**2 - 39*f - 1. Determine x(1).
7
Let i(u) = 14*u + 26. Determine i(-5).
-44
Let z(j) = -90*j + 753. Give z(9).
-57
Let q(b) = 30*b + 705. What is q(-33)?
-285
Let k(g) = 1071*g + 2077. What is k(-2)?
-65
Let w(y) = -y**3 + 97*y**2 - 180*y - 980. Calculate w(95).
-30
Let j(p) = 336*p - 47389. Determine j(141).
-13
Let d(m) = -2*m**3 - 27*m**2 + 202*m + 8. Calculate d(6).
-184
Let d(a) = 9*a**2 + 10*a + 5. Determine d(-2).
21
Let f(x) = x**3 - 11*x**2 - 4*x - 8. Determine f(8).
-232
Let p(g) = g**3 - 17*g**2 + 18*g - 67. Calculate p(16).
-35
Let c(b) = 5*b**2 - 288*b - 5. Calculate c(0).
-5
Let v(f) = 14*f**2 + 6*f - 6. Calculate v(5).
374
Let s(k) = -3*k**2 - 17*k - 25. Determine s(-10).
-155
Let k(r) = -r**2 + 229*r - 6755. Calculate k(194).
35
Let c(h) = 38*h + 180. Give c(-4).
28
Let h(q) = -25*q**2 + 1117*q + 360. Determine h(45).
0
Let x(p) = -4*p**3 - 740*p**2 - p - 180. What is x(-185)?
5
Let o(q) = 2*q**2 + 49*q - 337. Give o(-30).
-7
Let y(t) = t**2 + 74*t + 1267. Give y(-44).
-53
Let r(s) = 2*s**2 + 49*s - 1107. Calculate r(-39).
24
Let s(m) = 118*m + 16525. What is s(-140)?
5
Let l(v) = 9*v**3 + 4*v**2 - 7*v - 31. What is l(-3)?
-217
Let s(v) = -2*v**2 - 103*v + 957. Calculate s(8).
5
Let i(l) = -5*l**2 - 124*l + 1660. Determine i(13).
-797
Let t(g) = -2*g**2 - 213*g + 4046. Determine t(-123).
-13
Let i(q) = 28*q**3 + 5*q**2 + 21*q - 35. What is i(2)?
251
Let f(w) = -82*w + 1307. Calculate f(16).
-5
Let v(z) = 5*z - 125. What is v(21)?
-20
Let f(t) = -33*t - 826. Calculate f(-34).
296
Let g(j) = -3*j**3 + 361*j**2 + 615*j - 603. Determine g(122).
7
Let d(s) = -230*s + 4620. Give d(20).
20
Let t(z) = -z**3 + 31*z - 10. What is t(-7)?
116
Let w(v) = -v**3 - 8*v**2 + 87*v - 33. What is w(6)?
-15
Let d(w) = -w**2 + 2*w + 238. Calculate d(-14).
14
Let q(z) = -37*z**3 + 11*z**2 - 7*z - 3. Give q(1).
-36
Let a(g) = 27*g**2 + 746*g - 3769. Give a(-32).
7
Let o(r) = 518*r - 1539. Give o(3).
15
Let u(p) = -11*p**2 + 16*p + 34. Calculate u(-2).
-42
Let n(v) = v**3 + 62*v**2 + 82*v + 1277. Determine n(-61).
-4
Let q(b) = -85*b + 2046. What is q(24)?
6
Let d(j) = -113*j + 2770. Calculate d(24).
58
Let d(t) = -t**3 - 29*t**2 + 124*t - 267. Calculate d(-33).
-3
Let o(m) = -20*m - 181. Determine o(-9).
-1
Let p(z) = z**3 - z**2 - 168*z - 3. Calculate p(0).
-3
Let u(t) = -2*t**3 + 136*t**2 - 133*t - 73. What is u(67)?
-6
Let a(w) = w**3 - 15*w**2 + 68*w - 85. What is a(2)?
-1
Let q(x) = -18*x + 299. Determine q(11).
101
Let r(y) = -y**3 + 83*y**2 + 536*y - 8432. Give r(88).
16
Let k(v) = v**3 - 155*v**2 - 641*v + 789. Give k(159).
-6
Let a(f) = -f**2 - 253*f - 15. Determine a(0).
-15
Let k(o) = -o**3 + 11*o**2 + 46*o - 17. Give k(14).
39
Let d(f) = -12*f - 137. What is d(-10)?
-17
Let x(l) = -l**3 - 13*l**2 + 64*l - 21. What is x(-17)?
47
Let v(h) = -3*h**2 + 12*h + 5. Give v(7).
-58
Let h(i) = i**3 - 47*i**2 + i - 86. What is h(47)?
-39
Let d(w) = 3*w**2 + 30*w + 121. Give d(-11).
154
Let d(s) = s**3 + 22*s**2 + 58*s - 30. Calculate d(-18).
222
Let y(h) = 62*h - 14. Determine